{"id":2785,"date":"2020-11-17T20:13:40","date_gmt":"2020-11-17T17:13:40","guid":{"rendered":"https:\/\/ventas.lt\/?post_type=product&#038;p=2785"},"modified":"2022-05-26T14:11:03","modified_gmt":"2022-05-26T11:11:03","slug":"virykle-es-t49-p","status":"publish","type":"product","link":"https:\/\/ventas.lt\/index.php\/product\/virykle-es-t49-p\/","title":{"rendered":"Virykl\u0117 ES-T49\/P"},"content":{"rendered":"","protected":false},"excerpt":{"rendered":"<p>Elektrin\u0117<br \/>\n4 kaitviet\u0117s vienoje plok\u0161tumoje<br \/>\nKaitviet\u0117s i\u0161matavimai: 300&#215;300 mm<br \/>\nVienos kaitviet\u0117s galingumas: 2,5 kW<br \/>\nAtskiras kiekvienos kaitviet\u0117s reguliavimas.<br \/>\nGalingumas: 10 kW\/400V 3N AC<br \/>\nVidus ir i\u0161or\u0117 i\u0161 ner\u016bdijan\u010dio plieno<br \/>\nI\u0161matavimai: 800x900x900 mm<br \/>\nGamintojas: KOGAST, Slov\u0117nija<\/p>\n","protected":false},"featured_media":2815,"template":"","meta":[],"class_list":["post-2785","product","type-product","status-publish","has-post-thumbnail","hentry","product_cat-elektrines-virykles"],"_links":{"self":[{"href":"https:\/\/ventas.lt\/index.php\/wp-json\/wp\/v2\/product\/2785"}],"collection":[{"href":"https:\/\/ventas.lt\/index.php\/wp-json\/wp\/v2\/product"}],"about":[{"href":"https:\/\/ventas.lt\/index.php\/wp-json\/wp\/v2\/types\/product"}],"wp:featuredmedia":[{"embeddable":true,"href":"https:\/\/ventas.lt\/index.php\/wp-json\/wp\/v2\/media\/2815"}],"wp:attachment":[{"href":"https:\/\/ventas.lt\/index.php\/wp-json\/wp\/v2\/media?parent=2785"}],"curies":[{"name":"wp","href":"https:\/\/api.w.org\/{rel}","templated":true}]}}