{"id":2773,"date":"2020-09-15T16:56:18","date_gmt":"2020-09-15T13:56:18","guid":{"rendered":"https:\/\/ventas.lt\/?post_type=product&#038;p=2773"},"modified":"2022-06-01T17:55:16","modified_gmt":"2022-06-01T14:55:16","slug":"bulviaskute-fama-fp111","status":"publish","type":"product","link":"https:\/\/ventas.lt\/index.php\/product\/bulviaskute-fama-fp111\/","title":{"rendered":"Bulviaskut\u0117 FAMA FP111"},"content":{"rendered":"","protected":false},"excerpt":{"rendered":"<p>Pramonin\u0117 bulvi\u0173 valymo ma\u0161ina Fama FP111<br \/>\nU\u017ekrovimas: iki 10 kg<br \/>\nNa\u0161umas: iki 300 kg\/h<br \/>\nApsaugos i\u0161jungiklis<br \/>\nGalingumas: 0,55 kW\/400V 3N<br \/>\nPagaminta i\u0161 ner\u016bdijan\u010dio plieno<br \/>\nKomplektacijoje stovas ir skuten\u0173 filtras<br \/>\nAbrazyvinis diskas ir abrazyvin\u0117s sienut\u0117s<br \/>\nI\u0161matavimai: 530x660x1100 mm<br \/>\nSvoris: 44 kg<br \/>\nGamintojas: Fama Industrie srl., Italija<\/p>\n","protected":false},"featured_media":2808,"template":"","meta":[],"class_list":["post-2773","product","type-product","status-publish","has-post-thumbnail","hentry","product_cat-darzoviu-valymo-masinos"],"_links":{"self":[{"href":"https:\/\/ventas.lt\/index.php\/wp-json\/wp\/v2\/product\/2773"}],"collection":[{"href":"https:\/\/ventas.lt\/index.php\/wp-json\/wp\/v2\/product"}],"about":[{"href":"https:\/\/ventas.lt\/index.php\/wp-json\/wp\/v2\/types\/product"}],"wp:featuredmedia":[{"embeddable":true,"href":"https:\/\/ventas.lt\/index.php\/wp-json\/wp\/v2\/media\/2808"}],"wp:attachment":[{"href":"https:\/\/ventas.lt\/index.php\/wp-json\/wp\/v2\/media?parent=2773"}],"curies":[{"name":"wp","href":"https:\/\/api.w.org\/{rel}","templated":true}]}}