{"id":2769,"date":"2020-09-15T16:32:27","date_gmt":"2020-09-15T13:32:27","guid":{"rendered":"https:\/\/ventas.lt\/?post_type=product&#038;p=2769"},"modified":"2023-07-14T13:26:44","modified_gmt":"2023-07-14T10:26:44","slug":"pramoninis-saldytuvas-vienu-duru-samaref-pf-700p-tn","status":"publish","type":"product","link":"https:\/\/ventas.lt\/index.php\/product\/pramoninis-saldytuvas-vienu-duru-samaref-pf-700p-tn\/","title":{"rendered":"Pramoninis \u0161aldytuvas vien\u0173 dur\u0173 SAMAREF PF 700P TN"},"content":{"rendered":"","protected":false},"excerpt":{"rendered":"<p>Bendroji talpa: 630 l<br \/>\nTemperat\u016bra: -2 \u00b0C \/ +8 \u00b0C,<br \/>\nElektros galia: 0,219 kW \/ 230V<br \/>\nKlimato klas\u0117: 5 \/ ( 40\u00b0C \u2013 40%)<br \/>\n\u0160altne\u0161is: R290<br \/>\nI\u0161matavimai: 702x810x2080 mm<br \/>\nVidus ir i\u0161or\u0117 i\u0161 ner\u016bdijan\u010dio plieno<\/p>\n<p>Gamintojas: SAMAREF, Italija<\/p>\n","protected":false},"featured_media":2771,"template":"","meta":[],"class_list":["post-2769","product","type-product","status-publish","has-post-thumbnail","hentry","product_cat-saldytuvai"],"_links":{"self":[{"href":"https:\/\/ventas.lt\/index.php\/wp-json\/wp\/v2\/product\/2769"}],"collection":[{"href":"https:\/\/ventas.lt\/index.php\/wp-json\/wp\/v2\/product"}],"about":[{"href":"https:\/\/ventas.lt\/index.php\/wp-json\/wp\/v2\/types\/product"}],"wp:featuredmedia":[{"embeddable":true,"href":"https:\/\/ventas.lt\/index.php\/wp-json\/wp\/v2\/media\/2771"}],"wp:attachment":[{"href":"https:\/\/ventas.lt\/index.php\/wp-json\/wp\/v2\/media?parent=2769"}],"curies":[{"name":"wp","href":"https:\/\/api.w.org\/{rel}","templated":true}]}}