{"id":2763,"date":"2020-09-15T16:07:08","date_gmt":"2020-09-15T13:07:08","guid":{"rendered":"https:\/\/ventas.lt\/?post_type=product&#038;p=2763"},"modified":"2022-05-26T14:11:07","modified_gmt":"2022-05-26T11:11:07","slug":"keptuve-ekp-t9-80","status":"publish","type":"product","link":"https:\/\/ventas.lt\/index.php\/product\/keptuve-ekp-t9-80\/","title":{"rendered":"Keptuv\u0117 EKP-T9\/80"},"content":{"rendered":"","protected":false},"excerpt":{"rendered":"<p>Elektrin\u0117, paver\u010diama<br \/>\nTalpa: 80 l<br \/>\nGalingumas: 9 kW\/400V 3N AC<br \/>\nApsaugos klas\u0117: IPX5<br \/>\nRankinis pavertimas<br \/>\nApsauga nuo perkaitimo<br \/>\nVidus ir i\u0161or\u0117 i\u0161 ner\u016bdijan\u010dio plieno<br \/>\nKepimo pavir\u0161ius tinkamas s\u0105ly\u010diui su maistu<br \/>\nI\u0161matavimai: 800x900x900 mm<br \/>\nGamintojas: KOGAST, Slov\u0117nija<\/p>\n","protected":false},"featured_media":2764,"template":"","meta":[],"class_list":["post-2763","product","type-product","status-publish","has-post-thumbnail","hentry","product_cat-kepimo-pavirsiai"],"_links":{"self":[{"href":"https:\/\/ventas.lt\/index.php\/wp-json\/wp\/v2\/product\/2763"}],"collection":[{"href":"https:\/\/ventas.lt\/index.php\/wp-json\/wp\/v2\/product"}],"about":[{"href":"https:\/\/ventas.lt\/index.php\/wp-json\/wp\/v2\/types\/product"}],"wp:featuredmedia":[{"embeddable":true,"href":"https:\/\/ventas.lt\/index.php\/wp-json\/wp\/v2\/media\/2764"}],"wp:attachment":[{"href":"https:\/\/ventas.lt\/index.php\/wp-json\/wp\/v2\/media?parent=2763"}],"curies":[{"name":"wp","href":"https:\/\/api.w.org\/{rel}","templated":true}]}}