{"id":2755,"date":"2020-09-15T14:54:36","date_gmt":"2020-09-15T11:54:36","guid":{"rendered":"https:\/\/ventas.lt\/?post_type=product&#038;p=2755"},"modified":"2022-05-26T14:11:07","modified_gmt":"2022-05-26T11:11:07","slug":"virimo-katilas-ek-t9-150-o","status":"publish","type":"product","link":"https:\/\/ventas.lt\/index.php\/product\/virimo-katilas-ek-t9-150-o\/","title":{"rendered":"Virimo katilas EK-T9\/150-O"},"content":{"rendered":"","protected":false},"excerpt":{"rendered":"<p>Elektrinis, netiesioginio kaitinimo<br \/>\nTalpa: 150 l<br \/>\nGalingumas: 18,6 kW\/400V 3N AC<br \/>\nApsaugos klas\u0117 IPX5<br \/>\nApsauginis vo\u017etuvas<br \/>\nSl\u0117gio vo\u017etuvas su manometru<br \/>\nTermin\u0117 apsauga nuo perkaitimo<br \/>\nVidus ir i\u0161or\u0117 i\u0161 ner\u016bdijan\u010dio plieno<br \/>\nVidus i\u0161 tinkamo s\u0105ly\u010diui su maistu ner\u016bdijan\u010dio plieno<br \/>\nI\u0161matavimai: 800x900x900 mm<br \/>\nGamintojas: KOGAST, Slov\u0117nija<\/p>\n","protected":false},"featured_media":2758,"template":"","meta":[],"class_list":["post-2755","product","type-product","status-publish","has-post-thumbnail","hentry","product_cat-virimo-katilai"],"_links":{"self":[{"href":"https:\/\/ventas.lt\/index.php\/wp-json\/wp\/v2\/product\/2755"}],"collection":[{"href":"https:\/\/ventas.lt\/index.php\/wp-json\/wp\/v2\/product"}],"about":[{"href":"https:\/\/ventas.lt\/index.php\/wp-json\/wp\/v2\/types\/product"}],"wp:featuredmedia":[{"embeddable":true,"href":"https:\/\/ventas.lt\/index.php\/wp-json\/wp\/v2\/media\/2758"}],"wp:attachment":[{"href":"https:\/\/ventas.lt\/index.php\/wp-json\/wp\/v2\/media?parent=2755"}],"curies":[{"name":"wp","href":"https:\/\/api.w.org\/{rel}","templated":true}]}}